 10*j + 88. Calculate the highest common divisor of 418 and j.
22
Let x be (4 - 6 - -1)*-5. Let y(j) = j**3 - 5*j**2 - j + 8. Let b be y(x). What is the highest common divisor of b and 18?
3
Suppose 0 = -4*r + 2*f + 18, -r = 3*r + f - 3. Suppose -o + r*a = -278, 0*a - 552 = -2*o + 5*a. Calculate the greatest common divisor of o and 26.
26
Let d = 784 + -755. What is the highest common divisor of d and 899?
29
Suppose 4*p - 8 = 8*p, 0 = -2*f + 2*p + 708. Calculate the highest common factor of f and 64.
32
Let x = -621 - -713. Calculate the highest common divisor of 3128 and x.
92
Suppose 27 + 23 = 3*f - 5*v, 0 = f + 4*v - 11. Calculate the greatest common factor of f and 515.
5
Let s be (-434)/5*(-71 + 61). What is the greatest common factor of s and 14?
14
Suppose 4*b + m = 973, -5*m + m = -3*b + 725. Calculate the highest common factor of b and 162.
81
Let c = 885 - -939. Calculate the highest common factor of 57 and c.
57
Let y(j) = 94*j + 12. Let c be y(2). Calculate the greatest common factor of c and 8.
8
Let j(z) = z**2 - 6*z. Let o be j(7). Calculate the highest common factor of o and 56.
7
Suppose 0 = 3*p + 4*y - 571, -4*y = 2*p - 7*y - 375. Calculate the highest common factor of 49 and p.
7
Let o = 18 - 24. Let q be o/(-3 - 0) - -24. What is the greatest common factor of 39 and q?
13
Let n be 4/22 - (-192)/33. Suppose -76 = -n*j + 356. Suppose m - 3*m + 2*w + j = 0, 5*w - 126 = -4*m. Calculate the greatest common divisor of 17 and m.
17
Suppose -27 = 5*a - 2*a. Let z be (0 - -3)/(24/8). Let f be (-2 - z)*75/a. What is the greatest common factor of 5 and f?
5
Let t be (46 + -54)*(-219)/8. What is the highest common factor of 9 and t?
3
Let n(p) = -p + 2. Let k be n(3). Let q be k/2 - (-776)/16. Suppose 0 = -3*a + 5*o + q, -7*a = -2*a - 4*o - 93. What is the highest common factor of 21 and a?
21
Let f = 32 - 27. Suppose 580 = 5*w - 0*w. Suppose -f*m + w = -m. Calculate the greatest common factor of m and 261.
29
Suppose 0 = -13*d - 8*d + 1890. Calculate the greatest common factor of 162 and d.
18
Suppose 13*b + 1008 = 69*b. Calculate the highest common divisor of 63 and b.
9
Let d(u) = 7*u + 4. Let r be d(-2). Let q = -9 - r. Suppose -i + 11 = q. What is the highest common divisor of 80 and i?
10
Suppose 0 = 4*l + 2*m - 68, 4*m - 30 = -38. What is the highest common divisor of 294 and l?
6
Let t(x) = -x**3 - 2*x**2 - 4*x + 2. Let u be t(-4). Let q = 74 - u. What is the highest common divisor of 12 and q?
12
Suppose -8*x = 2*i - 12*x + 8, 2*x - 40 = -5*i. Calculate the highest common factor of i and 162.
6
Let d(s) be the second derivative of s**4/4 - s**3/6 + s**2/2 + 12*s. Let n be d(-1). Suppose 0*l - n*l = -80. What is the highest common factor of 8 and l?
8
Suppose 1056 = -0*b + 6*b. Calculate the highest common factor of b and 48.
16
Let q = 701 + -690. Let z be (-3 + 46/8)*44. What is the greatest common factor of z and q?
11
Let c = -11 - -18. Let r(y) = 11*y - 17. Let w be r(c). What is the greatest common factor of 40 and w?
20
Let s be -4*117/2*6/18. Let o = -70 - s. Let m(y) = y**3 + 4*y**2 - 3*y - 4. Let z be m(-4). Calculate the greatest common factor of o and z.
8
Let i(m) = 18 - 16*m - m**2 + 0*m - 4. Let p be i(-15). Suppose -237 = 2*n + 4*h - 875, 0 = -4*h. What is the highest common factor of n and p?
29
Let h(b) = b**3 - 16*b**2 + 14*b + 4. Let p be h(15). Let v = -9 - p. Let s = 7 - 5. Calculate the greatest common divisor of v and s.
2
Suppose 0 = -12*h + 10*h - 5*b + 39, 2*h - 79 = 3*b. Calculate the greatest common factor of 224 and h.
32
Let m(j) be the second derivative of -j**3/2 - 3*j**2/2 - 5*j. Let o be m(-2). Suppose -c - o = -5. What is the highest common factor of c and 16?
2
Suppose 34 = -11*g + 9*g. Let c = 66 + g. Let f = 16 + -9. What is the highest common divisor of f and c?
7
Let v be ((-110)/4)/(11/(-22)). Let z = 92 - 70. Calculate the greatest common factor of z and v.
11
Let a be (-6 + 4 + -1)*20/6. Let t be (-21 + 1)*(5 + a). Calculate the highest common divisor of 20 and t.
20
Let q be 3/(18/(-3)) - 10285/(-110). Calculate the highest common divisor of 6 and q.
3
Suppose 4*q - 10 = 2*q. Suppose x + 5 = 3*y, -y + 4*x = -0*y - 9. What is the greatest common factor of y and q?
1
Let x = -1614 - -1628. What is the highest common divisor of x and 20?
2
Let j(a) = -2*a + 10. Let h be j(5). Suppose 0 = -h*g + g - 2. Suppose t - g*t + 50 = 0. Calculate the highest common factor of 75 and t.
25
Let o be (-32)/(-14) + 10/(-35). Let l be (-1)/o*(-3 + -17). Let u be (1 - 3) + 1 - -111. Calculate the greatest common factor of u and l.
10
Let u(t) = 22*t**2 - 41*t + 29. Let c be u(7). What is the greatest common divisor of 40 and c?
20
Let y be 4*8/40 + 146/5. Calculate the greatest common factor of y and 6.
6
Suppose -54 = c - 3*c. Let o be (-29)/(-1) - (-2 - -2). Suppose -25*j - 1188 = -o*j. Calculate the greatest common factor of j and c.
27
Let o be 120/14 - 9/(-21) - -4. What is the greatest common factor of 299 and o?
13
Suppose -53 = 16*b - 117. Calculate the greatest common factor of b and 256.
4
Let c(t) = -t + 4. Let g be c(2). Suppose -56 = -g*u - 2*u. Let x be -1 + 21 - 0 - (193 - 201). Calculate the highest common factor of u and x.
14
Let q be (-1)/(-4) + (5 - (-50589)/44). Calculate the greatest common factor of 110 and q.
55
Let p be (-724)/(-12) + 2/(-6). Let t(y) = -33*y**3 + 2*y**2 + 3*y + 1. Let w be t(-1). Let n = w - -57. Calculate the greatest common factor of p and n.
30
Suppose 5*p + 24 = 3*m, -5*p + 2*m - 36 = 5*m. Let o(j) = -9*j - 9. Let a be o(p). Let b = -862 + 880. What is the greatest common divisor of a and b?
9
Let v(t) = -t**2 + 17*t + 80. Let g be v(20). What is the greatest common divisor of 160 and g?
20
Suppose -160*q + 111*q = -12789. Calculate the highest common factor of 99 and q.
9
Let z(y) = 15*y**2 - 4*y - 3. Let h be z(-2). Let l be (-1)/(3 - (0 + 2))*-11. Let x be (-6)/33 - (-145)/l. What is the greatest common divisor of h and x?
13
Suppose -5*m + 3*n + 41 = -49, -4*n = -5*m + 95. What is the greatest common factor of m and 25?
5
Let i = 1367 - -229. Calculate the greatest common factor of 252 and i.
84
Let c(n) = -n**3 - 18*n**2 - 40*n - 8. Let j be c(-2). Let x(a) = -a**3 + a**2 - a + 176. Let u be x(0). What is the highest common factor of j and u?
8
Let w be (-33)/(-9)*3 - (4 + -4). Let m(p) = -p**2 + 6*p - 4. Let x be m(6). Let y be x*(-3)/1 + -1. What is the highest common divisor of w and y?
11
Suppose 0 = -3*s + 5*q - 7, -2*s - 4*q = -1 - 9. Let x = -125 - -134. Calculate the highest common factor of x and s.
1
Let p be 36/54 + (-427)/(-3). What is the highest common factor of 13 and p?
13
Let y = 91 + -87. Suppose 5*p - 136 = -3*l, 210 - 18 = y*l + 4*p. What is the highest common factor of 4 and l?
4
Suppose -2*u + 34 = 4. What is the highest common factor of 165 and u?
15
Let y = 74 - 2. Suppose 2*a - 19 = 7. Suppose 0 = 9*t - a*t + y. Calculate the highest common divisor of t and 126.
18
Suppose -3*s = -0*s - 333. Let z = 273 - s. Calculate the greatest common factor of z and 18.
18
Let l = -93 + 90. Let x be (21 - l)*1*2/3. What is the greatest common factor of x and 56?
8
Let d = 297 + -255. Calculate the highest common factor of 210 and d.
42
Let p = 50 + -46. Let w be p + (-13)/(65/(-50)). Suppose 0 = -s + 3*v + 21, 0 = s + 2*s + 3*v - 63. What is the highest common factor of w and s?
7
Let p = -6 + 6. Suppose 9 = -3*k, -3*r + p*k + 21 = 3*k. Calculate the greatest common divisor of r and 70.
10
Let z be (56/8 - -10)*53. Calculate the highest common factor of z and 17.
17
Let v(p) = 3*p + 18. Let u be v(-6). Suppose u = 11*b - 3*b - 48. Let j be (10 - 2) + (-2)/(-2). Calculate the highest common divisor of j and b.
3
Let r = -70 + 98. Let p be r - 2/(-3 - -5). Calculate the highest common divisor of p and 9.
9
Let r = -8 - -17. What is the highest common divisor of r and 36?
9
Suppose 5*z - 12*z + 91 = 0. Calculate the highest common divisor of z and 13.
13
Let s = 188 - 179. Let w be (-6)/(-21) + (-61)/(-7). Calculate the greatest common divisor of w and s.
9
Let c(q) = -q**3 + 3*q**2 - 3*q + 114. Let k be c(0). Calculate the greatest common factor of 969 and k.
57
Let q(o) = -o**3 - 2*o**2 - 2*o - 1. Let a be q(-3). Suppose 5*j - 1 = a. L